3*m - 18 = -5*u + m. What are the prime factors of (-1)/(-4) + 59/u?
3, 5
Let w(l) = 2*l**3 - 4*l**2 - 2*l. Let n be w(4). Let i = n + -24. What are the prime factors of i?
2
Suppose t = 4*v + 53, 12*t = 9*t + 3*v + 186. List the prime factors of t.
5, 13
Suppose -9 = -3*q - 0*q. Suppose q*v - 9*v = 0. Let m = v - -2. List the prime factors of m.
2
Suppose 8*x - 21470 = -2*x. What are the prime factors of x?
19, 113
Let n = -272 - -380. What are the prime factors of n?
2, 3
Suppose -20412 + 837 = -29*h. List the prime factors of h.
3, 5
Suppose 5*v = 8*u - 3*u + 20, -u - 12 = -5*v. Let p = 235 - v. What are the prime factors of p?
233
Let l(w) = 81*w**2 - 16*w + 72. List the prime factors of l(-6).
2, 3, 257
Let o(l) = 3*l**2 - 30*l + 29. What are the prime factors of o(17)?
2, 193
Let j be 9/(-2)*14/(-21) + 1. Suppose j*u - 44 = 500. List the prime factors of u.
2, 17
Let b be (-1)/7 - (-180)/84. What are the prime factors of -3 + b*(-86)/(-4)?
2, 5
Let h(a) = a**3 + a**2 - a + 1. Let z be h(1). Let t be (-2)/2*2 + z. Suppose 0 = -i - t*i + 51. What are the prime factors of i?
3, 17
Let k(l) = -l**3 - 4*l**2 - 2*l - 13. Let s be k(-6). Suppose -2*f + 1 = -s. What are the prime factors of f?
2, 3
Suppose 2*i + 3*x = 1697, 8*x = 4*i + 3*x - 3339. List the prime factors of i.
29
Suppose 4*x + 2*s = -134, 0 = -2*x - 4*s - s - 47. What are the prime factors of (-2 - x)/((-4)/(-10))?
5, 17
Let o = 539 - -841. Suppose 0 = 5*c + 2*b + 115 - 1498, -5*c - 5*b = -o. What are the prime factors of c?
277
Let b(g) be the first derivative of g**3 + 4*g**2 + 4*g - 10. What are the prime factors of b(-9)?
5, 7
Let m = 738 + -364. List the prime factors of m.
2, 11, 17
Suppose -3*v + 5016 = 1611. List the prime factors of v.
5, 227
What are the prime factors of 990/(-4)*304/(-114)?
2, 3, 5, 11
Let i(s) = -s**2 + 1. Let k be i(-1). Suppose m - 4 = k, 3*d = -3*m + 1 + 17. Suppose 3*p = f + 55, -4*p + 49 = d*f - 11. What are the prime factors of p?
17
Suppose -16 = 5*g - 1. Let q be g + 3 + 1 - -2. Suppose -a + 5 = q. What are the prime factors of a?
2
Let d = -14 - -19. Suppose -d*y = -y - 52. What are the prime factors of y?
13
Let f(y) = -2*y**2 + 5*y - 3. Let p be f(3). Let h be 1/(4/(p + 2)). What are the prime factors of 23 - h - (-1 + 0)?
5
Suppose 648 = 82*b - 74*b. What are the prime factors of b?
3
Let f = -62 + -3. What are the prime factors of (62 + f)*5*5/(-3)?
5
Let l(r) = -109*r + 73. What are the prime factors of l(-14)?
3, 13, 41
Suppose 6*q - g - 983 = 4*q, 4*g = 4*q - 1960. What are the prime factors of q?
17, 29
Suppose 380*a - 374*a = 11592. List the prime factors of a.
2, 3, 7, 23
Suppose -f + 9 = 1. Suppose 10 = 3*v - f. Let w(x) = 2*x**2 - 7*x + 4. List the prime factors of w(v).
2, 17
Let l = 46 - 42. Suppose 3 = -a - 0*a, 3*a = l*d - 105. What are the prime factors of d?
2, 3
List the prime factors of 3532/(-7)*(210/(-10) + 14).
2, 883
Let v be ((-228)/4 - 6) + 6. Let g(c) = -c**2 - c - 8. Let l be g(8). Let k = v - l. What are the prime factors of k?
23
List the prime factors of (-124)/(114/(-108) + 1).
2, 3, 31
Let j(q) = -q**2 - 2*q + 9. Let f be j(-5). What are the prime factors of f/(-15) + (-203)/(-5)?
41
Let s be -6*(-56)/30*95/2. Suppose 0 = 8*h - s - 332. List the prime factors of h.
2, 3
Let g = 75 - 48. Suppose -2*p - g = 35. Let n = 44 + p. What are the prime factors of n?
13
Suppose -20*r - 32786 + 80046 = 0. List the prime factors of r.
17, 139
Let j(b) = -b - 3. Let a be j(-11). Let m be ((-3)/5)/(a/(-40)). Suppose d = 5*f - m*d, -23 = -2*f - 3*d. List the prime factors of f.
2
Let j(v) = 5*v - 2 - 15*v - 14*v + 1. What are the prime factors of j(-1)?
23
Let h(f) = -f**3 + 17*f**2 - 15*f. Let s be h(16). What are the prime factors of (12/s)/(2/40)?
3, 5
Suppose -b = 3*h - 8, 3 = -h - 5*b + 1. Suppose 5*r - 561 = -4*t - 28, -4*t - 307 = -3*r. Suppose 2 - 11 = -h*m, 4*k + 3*m = r. What are the prime factors of k?
2, 3
Let k(p) be the third derivative of p**5/30 + 11*p**4/24 + p**3 - 10*p**2. Let o be k(-4). What are the prime factors of 411/6 + (-3)/o?
3, 23
Let u(f) = 172*f**3 - 4*f + 1. What are the prime factors of u(2)?
37
Let c be (-1)/(-4) + (-4)/16. Suppose 0 = -3*f - f + 2*x + 324, -4*f + 5*x + 330 = c. What are the prime factors of f?
2, 5
Suppose 0 = -5*r - 20, -5*s - 16 + 3 = 2*r. Let u be 5/((-16)/14 - s). Let d = 2 - u. List the prime factors of d.
37
Let v(a) be the third derivative of a**5/60 - a**4/6 - 2*a**3/3 - 10*a**2. List the prime factors of v(8).
2, 7
Let r be 34*1*(-45)/30. List the prime factors of r*(1/3 + -1).
2, 17
Let g = 27 - 22. What are the prime factors of (1/g)/((-9)/(-2745))?
61
Suppose 3 = 2*k - 7. Suppose 3*p + 78 = 3*s, -5*p = k*s - 27 - 73. What are the prime factors of s?
23
Suppose 0 = 20*k - 18*k + 962. Let f = -255 - k. List the prime factors of f.
2, 113
Let g = -13 - -117. Let j = g - 48. List the prime factors of j.
2, 7
Let h(z) = -63*z. Let n be h(1). Let d(a) = -44*a**3 + 2*a**2 - 4*a + 2. Let r be d(1). Let o = r - n. What are the prime factors of o?
19
Let k(x) = -x**3 + 17*x**2 - 10*x - 41. List the prime factors of k(11).
5, 23
Suppose 0 = -21*v + 10*v + 2321. What are the prime factors of v?
211
Suppose -f = 3*f - 16, 0 = 4*g - 5*f + 4. Let b be (1/2)/(1/g). Suppose 3*u + 13 = 2*s, s + 9 = -b*s - 5*u. What are the prime factors of s?
2
Suppose 4*k - 12 = 4*i, 0 = 4*i - 15 - 1. Let d = k - 4. Suppose 5 + 16 = d*f. List the prime factors of f.
7
Suppose 5*c + 4*b - 1492 = 683, 0 = -2*c - 2*b + 868. List the prime factors of c.
439
Let q(j) = -j**3 + j**2 - j + 36. Let i be q(0). Suppose i = 2*u - 124. What are the prime factors of u?
2, 5
Suppose -9*p = -10*p + 500. Suppose 0 = 5*m + v - p, m + 4*m - 515 = 2*v. What are the prime factors of m?
101
Suppose 2 + 4 = 3*z. List the prime factors of 55/1 + z + -4 + 1.
2, 3
Suppose -3 = -o + 4*f + f, 0 = 5*o - 3*f - 103. Suppose -o = -5*z - 2*m, -2*m - 1 + 9 = 0. What are the prime factors of z?
3
Let r be 0 + 7 + (2 - -1). Suppose 5*g - 5 - r = 0. List the prime factors of g.
3
Let x = -23 + -3. Suppose 8*m + 260 - 92 = 0. Let g = m - x. What are the prime factors of g?
5
Suppose -2 = -2*n - 58. Let m = 30 + n. List the prime factors of m.
2
Let a = -517 - -811. List the prime factors of a.
2, 3, 7
Let l(r) = 12*r - 12. Let y = 2 - -1. What are the prime factors of l(y)?
2, 3
Let a(f) = -f**3 + 5*f**2 + 9*f - 5. Let y be (2/8 - 1)/((-24)/192). What are the prime factors of a(y)?
13
Suppose -38*d = -36*d. Suppose -6*s + 0*s - 18 = d. Let l(b) = -b**3 - 2*b**2 - 3*b + 3. List the prime factors of l(s).
3, 7
Let u(z) be the first derivative of z**2 - 12*z - 210. Let b(t) = -14*t + 1. Let i be b(-1). What are the prime factors of u(i)?
2, 3
Suppose -4*p - v = -3*p + 1, -8 = 3*p + 4*v. Let g = -56 - -76. What are the prime factors of (-6)/g*p*-15?
2, 3
Let p = -88 - -1121. What are the prime factors of p?
1033
Suppose 5*u + 4*h - 19 = 0, u - 5 = 2*u + 3*h. Suppose 2*r = u*r - 3*z - 119, -5*z + 110 = 4*r. List the prime factors of r.
5
Suppose 6*z = 3*z - 6. Let x(g) = 6*g**2 - 2*g - 1. What are the prime factors of x(z)?
3
Let k = -78 + 90. Let z(b) = 17*b - 29. What are the prime factors of z(k)?
5, 7
Suppose -1246 + 298 = -h. List the prime factors of h.
2, 3, 79
Suppose 43*j - 44*j + w = -624, 5*w = -4*j + 2541. What are the prime factors of j?
17, 37
Let y = 33 - 22. List the prime factors of 3*y + 2 + -3 + -1.
31
Suppose 0*g - 4*g + 48 = 0. Suppose -2*u + 2 = -2*l + g, -4*l - 4*u = -4. Suppose 3*r + 2*x - 197 = 3*x, -4*x + 217 = l*r. List the prime factors of r.
67
Suppose 5*v - 15467 = -3*w, 0 = -34*w + 35*w - 3*v - 5179. List the prime factors of w.
2, 1291
Suppose -1399*k = -1396*k - 12228. What are the prime factors of k?
2, 1019
Let c be (-9)/(-6)*10/(-3). Let s(j) = -j**3 - 2*j**2 - 1. List the prime factors of s(c).
2, 37
Suppose 0 = -5*o - o + 24. List the prime factors of 2061/18 + (-6)/o.
113
Suppose w - 29 = 4*n - 2398, -3*n + 1777 = -w. What are the prime factors of n?
2, 37
Let j(b) = -b**3 - 8*b**2 - 8*b + 8. Suppose -6 = -5*n + 2*n. Suppose n*o + 14 = -0. What are the prime factors of j(o)?
3, 5
Suppose -f + 6 = 14. What are the prime factors of f/((-40)/1305) + -5?
2
Let l = 29 - 104. Let v = l - -31. What ar